0*h - 15*h = 289. What is the units digit of x?
3
Suppose b - 2*b = 8. Let g be ((-9)/6)/(6/b). Suppose -g*n + 42 = n. What is the units digit of n?
4
Let p be 106 - (-1 + 5)*-1. Suppose 300 = 5*u - p. What is the tens digit of u?
8
Suppose -57*n = -42*n - 4455. What is the units digit of n?
7
Suppose d - 2*z + 4 = 0, 4*d - 5*d - 4*z = -14. Let h be 44 + (-3 + 3)/d. Suppose -2*m + h = 4*p, -p + 3*m = -0*p - 18. What is the units digit of p?
2
Suppose -443 = -23*b + 224. What is the tens digit of b?
2
Let d(c) = 3*c**2 + c + 16. Let y be d(8). Suppose 2*k - y = -5*q, k - 81 = -2*q + 2*k. Suppose -x + q = 2*x. What is the units digit of x?
4
Suppose -3*t - 9 = 0, 4*t - 2*t + 1118 = 4*b. What is the units digit of b?
8
Let z(r) be the third derivative of r**6/120 + 11*r**5/60 + 5*r**4/12 - r**3/2 - 6*r**2. What is the tens digit of z(-9)?
6
Let z(m) be the second derivative of -m**5/60 + 7*m**4/12 - 3*m**3 - m**2/2 - m. Let l(n) be the first derivative of z(n). What is the units digit of l(12)?
6
Suppose -2*r + 13 + 15 = 4*y, -5*r - y + 106 = 0. What is the units digit of (18/r - 12/(-66))*2?
2
Suppose 2*z - 3*r = 3, -z + 4*r - 3 + 2 = 0. Suppose 97 = -z*s + 4*s. What is the units digit of s?
7
Let i = 1 - -4. Suppose -5*f = 5*o - 6 - 9, -4*o + i*f + 30 = 0. Let w(j) = 5*j - 1. What is the units digit of w(o)?
4
Suppose 0 = 2*z + 4, -4*p + 3*z + 2*z = -222. Let c = 61 - 37. Let l = p - c. What is the tens digit of l?
2
Let u(k) be the third derivative of -k**6/120 + 11*k**5/60 + k**4/8 + 5*k**3/3 - 9*k**2. What is the units digit of u(11)?
3
Suppose 3*i + i = 8. Suppose -b + 12 = i*b. Suppose 3*f = -5*p + 71, -b*p + 2*p = -3*f + 106. What is the tens digit of f?
3
Suppose -5*o = -3*u + 708, 0 = -11*u + 9*u + 2*o + 472. What is the tens digit of u?
3
Let d(u) = -u**2 + 4*u - 4. Let q be d(6). Let t = q + 31. Let h = 33 - t. What is the tens digit of h?
1
Suppose 88 - 442 = 3*f. Let i = -48 - f. What is the units digit of i?
0
Let d = 29 - -21. Let v = 103 - d. What is the tens digit of v?
5
Let u(d) = -10*d - 1. Let h be u(1). Let p be (-163)/h + 24/132. Let f = -13 + p. What is the units digit of f?
2
Suppose -c - 2*u + 4 = 0, -5*c + 2*u = -3*u - 20. Let i(p) = -p**3 + 7*p**2 + 3*p + 8 - 4*p - 6 + c. What is the units digit of i(6)?
6
Suppose 88*u - 286571 = 35*u. What is the units digit of u?
7
Let p(x) = -x - 2. Let h be p(-5). Suppose -13 = -2*y - h*l, 0 = 5*y - l + 6*l - 40. Suppose 5 = -3*q + y. What is the units digit of q?
2
Suppose -16776 = -4*m + 6*l - l, 0 = 2*m - 4*l - 8394. What is the hundreds digit of m?
1
Suppose 21 = 5*o + 6, -3*o = 2*k - 805. Let j = -233 + k. What is the tens digit of j?
6
Let x be (-557)/(-13) + (-8)/(-52). Suppose -x = -2*s + 3. Suppose -s = -2*b + 61. What is the units digit of b?
2
Let f = 7376 - 2509. What is the hundreds digit of f?
8
Suppose -1388 = -2*k - 4*q, -153 = 3*k - 2*q - 2211. What is the units digit of k?
8
Let u(g) = -3*g - 25. Let c be u(0). Let h be (4/10)/((-1)/c). Suppose -s + h = -10. What is the units digit of s?
0
Let j(v) = -v**2 + 13*v - 1. Let a = -6 - -8. Suppose 4*h + w - 38 = -0*w, 0 = 4*h + a*w - 40. What is the tens digit of j(h)?
3
Let n = -1290 + 2792. What is the thousands digit of n?
1
Suppose 19*d - 5670 = d. What is the units digit of d?
5
Let t = 3151 + -2168. What is the units digit of t?
3
Let n(x) = 2*x**2 + 6*x + 10. Let h be 4 + (4 - 9) + 6. What is the tens digit of n(h)?
9
Let n(i) = 12*i**3 + 21*i**2 + 7*i - 5. Let l(x) = 3*x**3 + 5*x**2 + 2*x - 1. Let o(d) = 9*l(d) - 2*n(d). What is the tens digit of o(3)?
2
Let q = 9 - 3. Let r be -3 - (0 + -1)*q. Suppose t - r*t + 118 = 0. What is the units digit of t?
9
Let q(r) = 8*r - 60. Let d be q(9). Suppose 4*u = -d, 0*u = s - 4*u - 134. What is the units digit of s?
2
Suppose 55*y + 7273 = 30373. What is the hundreds digit of y?
4
Let r = -363 + 2175. What is the units digit of r?
2
Let i(r) be the second derivative of r**4/12 - 7*r**3/2 - 12*r**2 + 50*r. What is the units digit of i(25)?
6
Let f = 18 - 15. Suppose -f*c + 159 = 2*v + v, 3*c = -v + 157. What is the units digit of c?
2
Let b = -367 - -625. What is the hundreds digit of b?
2
Let x(h) = -h**3 - 11*h**2 - 2*h - 16. Let a be x(-11). Suppose -a*v + 20*v - 2506 = 0. What is the hundreds digit of v?
1
Let c(t) = 31*t**2 + 12*t - 151. What is the tens digit of c(7)?
5
Let m = 24 - 22. Let c be ((-2)/m - 3) + -16. What is the units digit of (-1 - -21)*(-50)/c?
0
Let v = 17 + -17. Suppose -3*h + v + 3 = -3*r, 3*r = 2*h - 2. Let f = 1 - r. What is the units digit of f?
1
Let p = -541 + 1106. What is the hundreds digit of p?
5
Suppose 3*h + 48 = -129. Let t = -22 - h. What is the units digit of t?
7
Let i be (-3)/(-5) - 1134/(-10). Suppose 1 - 3 = -u. Suppose n = -u*n + i. What is the units digit of n?
8
What is the tens digit of -1 + 28/(-4) + 610 + 6?
0
Let k = 7 - -7. Let x = 54 - k. What is the units digit of x?
0
Suppose -5*j + 495 = -130. What is the hundreds digit of j?
1
Suppose -11 = -5*h + 19. Suppose -178 = h*a - 478. What is the units digit of a?
0
Let t = -20 - -31. Let s(u) = u**2 - 8*u - 9. Let f be s(t). Suppose 6*c - 156 + f = 0. What is the units digit of c?
2
Let b(j) = 6 + 3*j + j**2 - 6. Suppose -d + 4*r = -12, 2*d = 6*d - 4*r. What is the units digit of b(d)?
4
Let h be (8/6)/(4/9). Suppose -h*n + 29 = 2*s, -2*n + 24 = 2*s + 2*n. What is the tens digit of s?
2
Let l be (-244)/(-30) + -2 - (-2)/(-15). Let i be ((-6)/(-2) + -2)*-42. What is the tens digit of (-684)/i + l/(-21)?
1
Let s be (-453)/(-27) + 20/90. Suppose 3*o - 2*o + 4*c = 28, -s = o - 5*c. What is the units digit of o?
8
Let m(h) = h**3 - 6*h**2 - 8*h. Let v = 27 + -20. Let o be m(v). Let y = o - -12. What is the units digit of y?
5
Let n = 135 + -93. What is the units digit of n - (-6 + (-2 - -6))?
4
Let t(r) = r**3 + 10*r**2 - 17. Let h be (-4)/(-10) + -6*(-14)/(-10). What is the hundreds digit of t(h)?
1
Let r = 1208 - 833. What is the units digit of r?
5
Suppose -1 + 22 = 3*i - 3*z, -2*i - 2*z - 2 = 0. Suppose -7*b + i*b + 188 = 0. What is the units digit of b?
7
Suppose 31*p - 47628 = -32*p. What is the units digit of p?
6
Let s(q) = -q - 3. Let a be s(-5). Suppose -r + 66 = 3*i, a*i + 172 = 2*r - 2*i. What is the tens digit of r?
7
Let i(o) = 22*o + 14. Let n be i(21). Suppose n = -5*d + 9*d. What is the tens digit of d?
1
Let k = 5 + -5. Suppose 4*o = 0, k = -b + 5*o + 4 + 29. Let t = b - -11. What is the units digit of t?
4
Let y = 63 + -55. Suppose -y*x + 497 + 247 = 0. What is the tens digit of x?
9
Let g be 12/(-7)*(4 - (-2 + 13)). Let t be 49/2 + (-1)/(-2). Let m = t + g. What is the units digit of m?
7
Suppose 0 = -4*d - 12, 3*d + 0*d = j - 20. Suppose -18*g + j*g + 679 = 0. What is the tens digit of g?
9
What is the tens digit of (1/(-3))/(6/(-4176))?
3
Suppose -2*w + 4*w = 264. Let t = 70 - -16. Let k = w - t. What is the units digit of k?
6
Let f = -432 - -4261. What is the thousands digit of f?
3
Suppose 7*q = 11*q - 36. What is the tens digit of 8/(-36) + 794/q?
8
Let r = 2591 + -1152. What is the thousands digit of r?
1
Let q(k) = 2*k**2 + 5. Let s be (15/(-9))/(1/3). What is the units digit of q(s)?
5
Let q = -19 - -13. Let b be (q/4)/(6/(-20)). Suppose -23 = -b*p + 2*j + 39, -32 = -2*p - j. What is the tens digit of p?
1
Suppose -4915 = -5*o - 5*c, -o + 981 = 23*c - 20*c. What is the hundreds digit of o?
9
Let j = 43 - 69. Let a = 39 + j. Let r = a - 7. What is the units digit of r?
6
Suppose u = -4*d + 20, -3*u - 20 = -4*d - 0*u. Suppose 5*j = -2*v + 145 + 48, d*j = -5*v + 520. What is the hundreds digit of v?
1
Let z = -94 + 46. What is the units digit of (1/6 - 3736/z) + 2?
0
Let p(s) = s**2 - 3*s - 8. Let i be p(6). Let m = -17 + i. What is the units digit of (-138)/m - 12/(-42)?
0
Suppose 2*g = 5*d + 7377, -4*g = -2*g + 2*d - 7384. What is the thousands digit of g?
3
Let j(b) be the third derivative of 0 - 1/8*b**4 + 0*b + b**3 + 6*b**2. What is the tens digit of j(-5)?
2
Suppose -3*h - 15 = -8*h. Let i be (-9)/h + 1*-6. Let g(c) = -c + 1. What is the units digit of g(i)?
0
What is the tens digit of (679/21)/(6/1728*3)?
0
Let s = 1 + 1. Suppose 0 = -0*h + s*h - 3*c - 13, -5*c - 25 = -5*h. What is the tens digit of h/(-4 + 238/59)?
5
Let c(r) = -r**2 - 1.